 (base 15) to base 13
-639
-442 (base 9) to base 15
-192
What is -175 (base 10) in base 14?
-c7
Convert 303100 (base 4) to base 11.
2512
What is -101100120 (base 3) in base 8?
-16574
What is -548 (base 9) in base 2?
-111000001
Convert -11a15 (base 13) to base 7.
-163440
Convert -355 (base 10) to base 12.
-257
-81027 (base 10) to base 4
-103302003
Convert -208 (base 10) to base 12.
-154
20830 (base 11) to base 8
73113
30652 (base 7) to base 13
3577
What is 2202 (base 7) in base 12?
556
101101000001000 (base 2) to base 7
124124
What is -11111001000 (base 2) in base 8?
-3710
What is -3042 (base 5) in base 9?
-481
445115 (base 6) to base 9
56282
305 (base 8) to base 12
145
What is 6264 (base 9) in base 15?
1564
4d (base 16) to base 12
65
Convert -624 (base 8) to base 6.
-1512
-333223 (base 4) to base 11
-3075
What is -102 (base 7) in base 16?
-33
What is -155a (base 13) in base 12?
-1979
What is df1 (base 16) in base 11?
2755
What is -203040 (base 5) in base 11?
-4aa1
-1371 (base 11) to base 8
-3354
a845 (base 11) to base 16
37f7
440 (base 6) to base 10
168
Convert -99 (base 15) to base 11.
-121
What is -91ac (base 16) in base 6?
-444352
What is -201221 (base 5) in base 6?
-45444
-14030 (base 5) to base 11
-947
-4f97 (base 16) to base 6
-234155
What is -13022 (base 15) in base 16?
-ed6e
2322010 (base 4) to base 5
340113
Convert 575 (base 8) to base 7.
1053
What is 14213 (base 5) in base 4?
102133
Convert 7c6 (base 14) to base 15.
6d1
What is -5a7 (base 11) in base 14?
-398
Convert -1113 (base 8) to base 11.
-494
8395 (base 13) to base 3
220222021
Convert -2603 (base 9) to base 6.
-13003
Convert 20102 (base 4) to base 7.
1355
Convert -1534 (base 7) to base 2.
-1001100101
What is 23eb (base 15) in base 9?
11435
What is -11434 (base 5) in base 6?
-4005
-102535 (base 6) to base 4
-2003123
What is 3380a (base 11) in base 13?
19341
What is -1001111 (base 4) in base 13?
-1b98
-1015 (base 9) to base 4
-23213
What is 333 (base 9) in base 6?
1133
-2883 (base 12) to base 3
-20110100
What is -2056 (base 7) in base 12?
-507
What is 1340222 (base 5) in base 6?
331334
What is 5b7 (base 13) in base 7?
2621
Convert 16134 (base 7) to base 15.
1523
Convert 3a1 (base 13) to base 11.
530
161 (base 8) to base 11
a3
Convert 300 (base 7) to base 5.
1042
What is -1615 (base 15) in base 12?
-28b5
-443 (base 5) to base 11
-102
-8933 (base 13) to base 12
-b0ab
-1c9 (base 14) to base 4
-11311
Convert be (base 15) to base 6.
455
122153 (base 6) to base 8
25165
Convert 3418 (base 9) to base 13.
11c6
What is -2273 (base 12) in base 8?
-7367
Convert 1a16 (base 12) to base 14.
1238
Convert 551 (base 12) to base 6.
3341
15733 (base 8) to base 4
1233123
Convert -506 (base 12) to base 9.
-886
2e7e (base 15) to base 13
4739
What is -1000110000110 (base 2) in base 9?
-6134
110011001 (base 2) to base 9
504
Convert -10200311 (base 4) to base 15.
-5725
-70 (base 15) to base 3
-10220
What is -526 (base 8) in base 6?
-1330
What is -1233301 (base 4) in base 2?
-1101111110001
What is -33360 (base 7) in base 8?
-20345
What is -67a (base 13) in base 3?
-1112022
-3444 (base 5) to base 16
-1f3
Convert -110100111100 (base 2) to base 7.
-12610
What is -564 (base 15) in base 3?
-1200011
-553 (base 16) to base 3
-1212111
What is 68 (base 10) in base 14?
4c
4443 (base 7) to base 16
63f
25753 (base 10) to base 8
62231
331132 (base 4) to base 10
3934
What is 15321 (base 14) in base 7?
306541
1b3 (base 12) to base 16
117
Convert 2101111 (base 5) to base 7.
202450
What is -50b (base 12) in base 13?
-443
What is 3431 (base 14) in base 10?
9059
Convert 1110000 (base 2) to base 14.
80
What is -303240 (base 5) in base 11?
-7418
-5336 (base 8) to base 2
-101011011110
What is 3954 (base 10) in base 15?
1289
What is 1b5 (base 13) in base 12?
225
-66565 (base 7) to base 5
-1014011
-6223 (base 8) to base 2
-110010010011
Convert -1306 (base 7) to base 11.
-411
-14646 (base 10) to base 12
-8586
What is -5083 (base 12) in base 13?
-3c93
Convert 5686 (base 10) to base 2.
1011000110110
-100100 (base 4) to base 3
-1102112
What is -233406 (base 7) in base 9?
-63610
What is 1e9b (base 15) in base 8?
15017
What is 641 (base 9) in base 13?
313
What is -20344 (base 6) in base 4?
-222220
What is 1421010 (base 5) in base 9?
44423
Convert -1114 (base 12) to base 16.
-760
What is 1427 (base 8) in base 3?
1002022
12 (base 13) to base 4
33
Convert 8896 (base 12) to base 13.
6b3a
223 (base 9) to base 5
1213
Convert 916 (base 10) to base 15.
411
What is -a39 (base 11) in base 4?
-103210
Convert -3994 (base 11) to base 10.
-5185
-4d (base 16) to base 15
-52
Convert 14437 (base 8) to base 11.
4917
-19b (base 13) to base 16
-129
Convert -615 (base 9) to base 12.
-358
What is -332024 (base 5) in base 3?
-120210110
4115 (base 8) to base 3
2220201
1e98 (base 15) to base 16
1a0c
What is -316c (base 13) in base 6?
-51414
-27c (base 15) to base 12
-3b3
What is 1b93 (base 12) in base 7?
12660
Convert 1121 (base 6) to base 2.
100001001
What is -193 (base 13) in base 6?
-1201
What is -4120 (base 9) in base 13?
-14ac
What is -d (base 14) in base 5?
-23
What is -2122221 (base 3) in base 15?
-897
Convert 12334 (base 6) to base 10.
1858
Convert -153 (base 6) to base 4.
-1011
What is 100215 (base 6) in base 9?
11702
Convert 2660 (base 11) to base 6.
23554
What is 2a7 (base 11) in base 9?
438
Convert 5145 (base 15) to base 3.
212112202
10110001 (base 2) to base 12
129
Convert 141 (base 14) to base 7.
511
What is 7302 (base 10) in base 8?
16206
Convert -31202 (base 4) to base 10.
-866
Convert 33105 (base 7) to base 8.
20136
Convert dba (base 14) to base 3.
10201110
What is 10d8 (base 16) in base 8?
10330
What is -1201001 (base 3) in base 14?
-64b
Convert -15246 (base 7) to base 4.
-1002120
What is 359 (base 12) in base 2?
111110101
-78ca (base 16) to base 10
-30922
What is 110210201 (base 3) in base 11?
7016
What is -1064 (base 8) in base 6?
-2340
What is -102541 (base 7) in base 14?
-6691
What is 2003 (base 8) in base 10?
1027
Convert 564 (base 9) to base 12.
327
Convert 21200 (base 4) to base 9.
745
What is 332 (base 10) in base 4?
11030
Convert 117 (base 10) to base 15.
7c
-14244 (base 8) to base 15
-1d08
What is 2212 (base 3) in base 4?
1031
Convert 59b (base 15) to base 7.
3464
Convert 299 (base 13) to base 8.
720
Convert -12e (base 15) to base 5.
-2034
-753 (base 9) to base 16
-267
Convert 143020 (base 5) to base 10.
6010
-a0 (base 11) to base 15
-75
What is -36435 (base 9) in base 13?
-b15c
-281 (base 15) to base 3
-210011
What is 21232 (base 4) in base 6?
2514
What is -44253 (base 7) in base 14?
-409a
What is -35124 (base 10) in base 15?
-a619
What is 3471 (base 11) in base 12?
2777
Convert -5dc (base 14) to base 16.
-496
Convert 5419 (base 10) to base 9.
7381
Convert -7364 (base 8) to base 2.
-111011110100
223 (base 5) to base 2
111111
Convert 32b23 (base 12) to base 8.
203313
Convert -34b (base 13) to base 9.
-703
What is -262 (base 15) in base 8?
-1036
-ca (base 16) to base 13
-127
Convert -4735 (base 10) to base 8.
-11177
What is 202020 (base 4) in base 10?
2184
What is -25a (base 11) in base 6?
-1231
What is 5b1 (base 13) in base 14?
509
Convert 14665 (base 8) to base 6.
50245
What is 2507 (base 8) in base 13?
7cc
511 (base 9) to base 14
219
What is -1001100100011011 (base 2) in base 16?
-991b
What is -5642 (base 8) in base 12?
-1882
What is 211222120 (base 3) in base 5?
1014010
Convert -6c45 (base 13) to base 8.
-35643
341 (base 8) to base 14
121
What is 463 (base 11) in base 10?
553
-2002210 (base 3) to base 6
-11033
What is -1656 (base 16) in base 15?
-1a63
What is 252 (base 12) in base 16?
15e
-4731 (base 11) to base 12
-3711
-4462 (base 8) to base 12
-1442
Convert -2000222 (base 3) to base 10.
-1484
Convert -2401 (base 6) to base 14.
-2d3
What is 5544 (base 7) in base 5?
30432
What is -12232222 (base 4) in base 3?
-1101210211
What is -46693 (base 10) in base 14?
-13033
2001111 (base 4) to base 11
6245
Convert 12300 (base 4) to base 7.
1155
What is -110 (base 8) in base 14?
-52
15b8 (base 12) to base 5
40323
Convert 25482 (base 9) to base 5.
1022130
What is -95 (base 12) in base 5?
-423
3157 (base 9) to base 5
33240
26b (base 16) to base 9
757
-321b (base 12) to base 11
-4146
What is 1841 (base 10) in base 2?
11100110001
-50405 (